e g = 5*a + q, 3 = a + 4. What is the tens digit of g?
1
Suppose -85*u + 90*u + 30 = 0. What is the tens digit of ((-282)/(-4))/(-3 + (-21)/u)?
4
Let j = -668 + 954. What is the units digit of j?
6
Let h(f) = -2*f + 3. Let j(t) = t - 1. Let k(l) = h(l) - 3*j(l). What is the units digit of k(-8)?
6
Suppose -2*c = -c - 3*h - 186, 2*c = -h + 372. What is the hundreds digit of c?
1
Let b = -35 - -42. Let u = -57 + b. Let r = u - -85. What is the tens digit of r?
3
What is the hundreds digit of (1623/(-12))/(-3 + (-69)/(-24))?
0
Suppose 43*h - 50*h = -4137. What is the units digit of h?
1
Suppose -b + 4*b - 12 = 0. Suppose b*q - 128 = -5*h, -5*q + 119 = -3*h - h. Suppose -5*y = 5*c - 115, -3*c + q = 4*y - 39. What is the tens digit of c?
2
Let i(u) = -8*u - 2. Let j be i(-3). Let n = j + -8. What is the tens digit of n?
1
What is the hundreds digit of (211 - (-1 + -5)) + 4?
2
Let z = 6 + -5. Let f be (-5 - z)*27/6. What is the units digit of (f/15)/((-9)/30)?
6
What is the tens digit of (-5)/(-15)*1389*(0 + 1)?
6
Suppose -6 + 8 = a. Let p = 1 + 3. Suppose -2*d - 4*y + 13 = -33, 0 = a*d - p*y - 6. What is the units digit of d?
3
What is the units digit of (-6)/(-16) - (2 - (-17105)/(-40))?
6
Suppose 0*w - 3*o + 21 = -2*w, 2*o - 38 = 4*w. Let d = 13 + w. Suppose -d*l + 48 + 32 = 0. What is the units digit of l?
0
Let i = -24 + 24. Suppose 2*a - 303 + 41 = i. What is the units digit of a?
1
Let o be (-15)/(-4) - 2/(-8). Suppose 0 = 2*v - o*v + 18. What is the units digit of v?
9
Suppose z - 5*m = 24, 2 + 2 = -2*z - 3*m. Let h(d) = -9*d**2 + 2 + d + 3*d**2 - 5*d + 7*d**2. What is the units digit of h(z)?
2
Let q(h) = 19*h**2 + 1. Let o be q(-1). Suppose -2*b = -5*z + 611 - 1, -4*b = o. What is the tens digit of z?
2
Let x be (-53)/5 - -3 - 6/15. What is the units digit of 998/8 + 38/x + 4?
4
Let d = 276 - -684. Suppose -d = -8*l - 0*l. What is the units digit of l?
0
Let i = 115 + -277. Let p = i - -312. What is the units digit of p?
0
Let a = 311 - 120. What is the hundreds digit of a?
1
Suppose 18*q - 14946 - 7770 = 0. What is the thousands digit of q?
1
Let c = -30 + -32. Let r = -19 - c. Let o = 62 - r. What is the tens digit of o?
1
Suppose 0 = o + 3*a - 793, 10*a - 25 = 15*a. What is the tens digit of o?
0
Let x(s) = 5*s**2 + 33*s + 18. What is the hundreds digit of x(-14)?
5
Suppose -3 = -4*x + 5. Suppose 0*b - x*b = n - 11, -4*n = 3*b - 24. Suppose -n*j + 54 = -3*p, -p - 25 = -6*p. What is the units digit of j?
3
What is the hundreds digit of 5955/4 + 3/(-4) + 0?
4
Let p(i) = -54*i**2 - 5*i - 1. Let k(z) = 109*z**2 + 11*z + 2. Let g(x) = -3*k(x) - 7*p(x). What is the tens digit of g(-1)?
5
Suppose -a - 769 = -h + 109, -3*h + 2*a = -2631. What is the hundreds digit of h?
8
Suppose -b - 257 = 2*p - 916, 0 = 2*b + 3*p - 1322. What is the units digit of b?
7
Let k = -1734 + 3098. What is the units digit of k?
4
Let d(g) be the first derivative of g**3/3 - 4*g**2 + 27*g - 8. What is the hundreds digit of d(14)?
1
Let j be ((-38)/6 - -3)*-9. Let x = j - 19. What is the tens digit of x?
1
Let n(c) = -3 - 3*c**2 + 10*c - 5*c + 3*c + 4*c**2. What is the tens digit of n(-16)?
2
Let t(c) = -c**3 - 2*c**2 + 6*c + 4. Let l be t(-5). Suppose -7*m - l = -462. What is the units digit of m?
9
Let h(d) = -d**3 + 7*d**2 - 7*d + 9. Let w be h(6). Suppose 5*n + w*x = 40, 4*n - n + 3*x = 24. What is the tens digit of (-8)/(2/n*-1)?
3
Let b(s) be the third derivative of -s**5/60 - s**4/2 - s**3/3 + 190*s**2. Suppose t + 24 = -2*t. What is the units digit of b(t)?
0
Let s = -307 - -538. What is the tens digit of s?
3
Let q = 7523 + -3020. What is the thousands digit of q?
4
Suppose 601*h - 606*h = -18920. What is the hundreds digit of h?
7
What is the tens digit of (8 + -13)*-1 - -2910?
1
Let w be (780/(-25))/((-9)/60). Suppose 0*q + w = 2*q. What is the hundreds digit of q?
1
Let q = -3 - -42. Let a(y) = -y - 1. Let h be a(-6). Suppose -h*f = -101 - q. What is the units digit of f?
8
Suppose 0 = -215*i + 196*i + 46930. What is the units digit of i?
0
Let u be (-375)/(-35) + (-18)/(-14) + -1. Suppose 4*o - 56 = -z, u = 5*o + 1. What is the units digit of z?
8
Let a(p) = -10*p + 10. Let q be a(-18). Suppose 4*s - 6*s + q = 0. What is the tens digit of s?
9
Let x(o) = 3*o + 23. Suppose 2*j + 18 = 3*q + 5*j, 5*q + 4*j = 35. Let r be 110/q*(-1 + 2). What is the tens digit of x(r)?
5
Suppose 4*i = 8*i - 8. Let q be i/11 - 4/22. Suppose q = 2*s - 5*k - 40, -80 = -4*s - k + 3*k. What is the tens digit of s?
2
Let q(c) = -c**3 - 2*c**2 - 10*c - 11. Suppose -z = -3*z - 12. What is the tens digit of q(z)?
9
Let c = 12 - 10. Suppose 8 = c*v, 5*i + 3 = 2*i + 3*v. Suppose -5*j + 3*m + 133 = m, i*m = -3*j + 84. What is the tens digit of j?
2
Let b = 545 - 7. What is the units digit of b?
8
Suppose 0 = 24*b - 20*b + 12, -2*r + 5*b + 2409 = 0. What is the thousands digit of r?
1
Suppose 14*k - 83 - 99 = 0. What is the units digit of (-34)/221 - (-15)/k?
1
Let y(l) = -l**2 + 30*l - 36. Let p(c) = -c**3 + 14*c**2 + 18*c - 34. Let k be p(15). What is the units digit of y(k)?
3
Let b(a) = -a**3 + 14*a**2 + 18*a - 40. Let m be b(15). Suppose 0 = -c - 5*p + 73, 6*p - 365 = -m*c + 5*p. What is the units digit of c?
3
Suppose k - 177 = -51. Let f(h) = 7*h**3 - h - 1. Let d be f(-1). What is the units digit of (-2)/d + 1476/k?
2
Suppose -c = -4*c - 5*k - 34, 2*c - k = -1. Let m be (1 + c)*(-12)/12. What is the units digit of 1/m + (-15)/(-6)?
3
Let a = 16 + -18. What is the units digit of (-5 - -6)*(13 + a)?
1
Let g be (-2 - 0) + 17 + -21. Let f be (17 - -7)*(-116)/g. Suppose 0 = -6*b - 2*b + f. What is the tens digit of b?
5
Let o be 2 - -1 - 26/(-13). Let q be (o/10)/((-2)/(-8)). What is the tens digit of (1 - q)/(4/(-60))?
1
Let u(f) = 2*f**3 + f**2 + f. Let v(r) = 2*r**3 + r**2 + 2*r + 1. Let h(g) = -4*u(g) + 3*v(g). What is the units digit of h(-3)?
2
Let k(g) = 5*g**2 - 32*g - 31. What is the tens digit of k(-13)?
3
Let t = -62 - -109. Suppose -i = 5*l - t, -4*i + 4*l - l + 165 = 0. Suppose i = q - 2. What is the units digit of q?
4
Let o = -387 + 581. What is the tens digit of o?
9
Suppose -44 + 39 = -5*s. What is the units digit of (-112 + -4)*s/(-2)?
8
Suppose -15*s = -6472 - 6563. What is the units digit of s?
9
Suppose 200 = 4*z - 12*z. Let i = z + 109. What is the units digit of i?
4
Let x(r) = 21*r + 4. Let b be x(-3). Let n = b + 87. What is the tens digit of n?
2
Let f(n) = 0*n - 7 + 16 - 2*n + 3*n. What is the units digit of f(-7)?
2
Suppose 4*d = -0*d. Let l = d - 5. Let w = 45 + l. What is the tens digit of w?
4
Suppose 2*w = 4*w + 6. Let t(p) = -p - 9. Let o be t(w). What is the units digit of (4/o)/((-12)/18)?
1
Let p(n) = 2*n**3 + 3*n**2 - n + 3. Let h be p(-3). Let j = h - -39. What is the units digit of j?
8
Let n = 8504 - 5410. What is the tens digit of n?
9
Let k be 120/(-16)*(-4)/5. Suppose -k = 3*l - 15. Suppose -l*i = -136 + 43. What is the units digit of i?
1
Let x = 64 - 74. What is the tens digit of (168/x)/(3/(-15))?
8
Suppose 38 = 2*n + 38. Suppose 4*u + 440 = 2*f - n*u, 3*f = -3*u + 660. What is the tens digit of f?
2
Let c be ((-3)/(-7) - -3) + (-6)/14. Suppose -5*z = 4*t - 318, 2*z + 5*t = c*z - 52. What is the units digit of z?
2
Let h(x) = -8*x - 34. Let j(q) = 5*q + 23. Let v(t) = 5*h(t) + 7*j(t). What is the tens digit of v(-17)?
7
Suppose 2*y = y. Suppose -17 = -2*f + 27. Suppose -b - b + f = y. What is the tens digit of b?
1
Let s = -17 + 55. Let y = s - 33. Suppose 4*p - y*p + 4 = 0. What is the units digit of p?
4
Let r = -786 + 1327. What is the hundreds digit of r?
5
What is the tens digit of 592 - (-14)/35*-5?
9
Let d = 24 + -16. Let c be 10/(15/(-6) - -2). What is the units digit of (-175)/c + 2/d?
9
Let p(t) = 0*t + 6*t + 5*t + t + 4*t**2 + 53. What is the units digit of p(-6)?
5
Let z = -64 + 75. Let h(m) = m**3 - 8*m**2 - 26*m - 7. What is the units digit of h(z)?
0
Let t(u) be the second derivative of -11/6*u**3 + 0 - 1/2*u**2 - 6*u. What is the tens digit of t(-2)?
2
Let f(t) = 23*t - 10. Let c be f(4). Let h = c + -48. What is the units digit of h?
4
Let n be ((-32)/(-6))/(12/18). Let p(m) = -n*m - 2 + 0 + 2 + 2. What is the units digit of p(-1)?
0
Suppose -13*l + 8823 - 2661 = 0. What is the tens digit of l?
7
Let s = 908 - -195. Wha